alse
Let p = 474553 + -320814. Is p a composite number?
False
Suppose 47*w - 449167 = 45*w - 21*w. Is w a composite number?
True
Let c be (-2 - -5)*(1016/6 - -1). Let n = 1144 - c. Let d = 2434 - n. Is d a composite number?
False
Let w(u) = 115*u**2 + 12*u + 744. Is w(41) a prime number?
False
Let f be 62520/4 - 0/3. Suppose 48*z + f = 54*z. Is z a prime number?
False
Let s(c) be the first derivative of 121*c**2/2 + 119*c - 56. Is s(8) prime?
True
Suppose 7353169 = 48*s - 7935126 - 540233. Is s a composite number?
False
Suppose -3*p = -k + 130874, -5*p - 297811 = -4*k + 225692. Is k a composite number?
True
Is 8/((-40)/(-49725)) - -8 composite?
True
Let w = 579898 - 342401. Is w composite?
True
Let y(n) = 16302*n**3 + 6*n**2 - 37*n + 30. Is y(1) a composite number?
False
Let m = -16 + 16. Suppose m = -11*i + 55889 - 11350. Is i prime?
True
Let k(m) = m**3 - 9*m**2 - 18*m + 8. Let d = 81 + -75. Let o be k(d). Let s = 201 - o. Is s a composite number?
False
Let p = 697 - 575. Let v be (-16)/9 - (-2)/(-9). Is (-9)/6 + v/(-4) + p a prime number?
False
Suppose 3*a = 5*h - 1453880, -h + 290753 = -37*a + 41*a. Is h a composite number?
True
Let y = 273785 + -143848. Is y prime?
True
Let q = 15134 + 70857. Is q a composite number?
False
Suppose -12143*r + 12151*r = 152968. Is r a prime number?
True
Suppose 0 = -5*i + 5*z - 0*z + 4355, -5*i - 4*z + 4373 = 0. Let k be (-2)/12 + ((-72680)/(-48))/1. Let p = k - i. Is p composite?
False
Let k(b) = 246*b**2 + 7*b + 10. Let l(t) = -t**2 - 17*t + 15. Suppose 3*o - 23 = -77. Let i be l(o). Is k(i) prime?
True
Suppose -4*i - p + 203639 + 272872 = 0, -4*i + 476505 = -p. Is i prime?
False
Let z = 649533 - 363842. Is z prime?
False
Let c(j) = -j**3 + 11*j**2 + 26*j + 1. Let p(w) = -3*w**2 - 39*w + 1 + 5*w**2 + 9*w**2 + 40*w. Let k be p(-1). Is c(k) composite?
True
Let v = 52393 + -14204. Is v prime?
True
Let t(m) = -2*m**3 - 40*m**2 - 34*m + 73. Is t(-27) prime?
True
Suppose -2*b = l - 4251, 0 = -l - 3*b + 1718 + 2531. Suppose 3*d = -2*q + l, -5*d - 8521 = -5*q + q. Is q a composite number?
False
Suppose 0 = -28*n - 22*n - 32*n + 7359746. Is n composite?
False
Is (-1323378)/(-26) - 580/3770 a composite number?
True
Let l(b) = -30*b - 33*b - 19 - 39*b. Suppose 0 = -3*c + 4*i - 32 - 3, -2*i - 10 = 4*c. Is l(c) composite?
False
Let a(u) = 56*u**3 - 2*u**2 - u + 2. Let p be a(4). Suppose p = -14*j + 16*j. Let b = -1128 + j. Is b a prime number?
True
Let b(g) = 113*g**2 + 22*g + 18. Let u be b(-6). Suppose 2*d = -4*x - 0*d + 22, -4*x + 4*d = -16. Suppose x*o = -539 + u. Is o a prime number?
True
Is (140/(-90))/(72/(-16710948)) prime?
False
Is (-124585)/(14/(-4) - 25/(-10)) prime?
False
Suppose -14*n + 425 + 2389 = 0. Let w = 0 - 0. Suppose 3*k - n = -w*k. Is k composite?
False
Let d = -345 - 1348. Let f = d - -3192. Is f a prime number?
True
Let v = -65 + 155. Let m be ((-150)/v)/((-2)/6). Suppose -3*o - 2471 = -u + 742, -3*o = -m*u + 16041. Is u a composite number?
True
Let t(g) = -3*g**3 + 35*g**2 + g - 34. Let l(d) = d**2 + 5*d - 3. Let n be l(-7). Is t(n) composite?
True
Suppose 3*g + 341*c = 343*c + 989449, -1649081 = -5*g + 3*c. Is g a composite number?
True
Let r = -44018 + 18603. Let h = r + 59699. Suppose -o = -13*o + h. Is o a composite number?
False
Let w(d) = -508*d + 3383. Is w(-48) prime?
True
Let x(d) be the second derivative of 38*d**4/3 - 2*d**3/3 + 2*d**2 + 6*d. Let z be x(3). Suppose -4*c = z - 3404. Is c prime?
False
Suppose -77*g + 6360005 = -5524560. Is g a prime number?
False
Suppose 2 = -3*f + 26. Suppose -10640 = -4*c - 2*i + 7276, -2*i = f. Is c a composite number?
False
Let y(x) = -4*x. Let q be y(-4). Let d be ((-8)/q)/((-3)/30). Suppose -d*n + 6*n = 119. Is n a composite number?
True
Suppose 0 = 11*p - 3*p - 344. Suppose -p*c = -45*c + 2782. Is c a prime number?
False
Is 72/540 - (-2234572)/60 prime?
True
Let p be 406/56 + 0 + 5/(-4). Let v be (-1)/(((-4)/685)/4). Suppose 2*y + 407 = 3*c, p*c - 5*y = c + v. Is c prime?
False
Let b = -203 + 208. Suppose -684 = -y - 0*y + 2*l, l = b*y - 3465. Is y composite?
True
Let x(k) = 8*k**3 + 9*k**2 + 15*k - 63. Suppose 6*d - 3*d + 15 = 0, 2*t + d - 9 = 0. Is x(t) a prime number?
False
Let d be -34 + 4/2 + (-33)/11. Let y = 40 + d. Suppose y*g - 1012 = 4003. Is g prime?
False
Let j = 375169 - 221352. Is j a prime number?
True
Let x = 507212 - 154225. Is x a composite number?
True
Let x = 1 + -1. Let b be (x - -49)/(1/((-50)/(-2))). Suppose -w - 329 = -5*d - 1562, w - b = 3*d. Is w a prime number?
True
Let c = 35690 + 2263. Let j = -21350 + c. Is j a composite number?
False
Let q(l) = -115*l + 89. Suppose -4*u + c - 28 = 0, -5*c + 16 = -9*c. Is q(u) a composite number?
False
Suppose -19*o = -20*o + 617. Let a = o + 8286. Is a prime?
False
Let x = 11556 - 8085. Is x/12 + -1 + 60/(-48) composite?
True
Suppose -3*d = -2*d + f - 689547, -2*d = -4*f - 1379118. Is d a composite number?
False
Suppose -y - 1896 = -5*n - 298, -y = 5*n + 1578. Let f = 3167 + y. Is f a composite number?
False
Suppose o + 34 = 3*o - 4*h, -4*o + 4*h + 68 = 0. Let b = -11 + o. Suppose b*d + 248 = 2918. Is d a composite number?
True
Suppose 26*b - 18*b - 18216 = 0. Let x = b - 1166. Is x composite?
True
Let i(u) be the second derivative of u**5/20 - 7*u**4/12 + 4*u**3/3 + 5*u**2/2 + 2*u - 3. Let a be i(6). Suppose -1222 = 4*w - a*w. Is w composite?
True
Let x = 23 - 17. Let y be -585*(2 - x/2). Suppose 4*o - 603 = 5*j + 574, 2*o + j = y. Is o a prime number?
True
Let t(n) = -30*n - 4*n**2 + 13*n**2 + 45*n**2 + 8*n - 103. Is t(-6) prime?
True
Suppose 30*n = -15*n - 43*n + 1214312. Is n a composite number?
False
Let z = 61 - 58. Is z/(-6) + (-61659)/(-26) a prime number?
True
Let l(t) = t**2 - 34*t + 65. Let i be l(10). Is (-8307)/(-7) - 50/i a prime number?
True
Let v(l) = 29 + 15 - 18 + 13 + 279*l. Is v(12) prime?
False
Let n = -11633 - -32921. Suppose -2*i - 3*i + n = -t, 3*i - 12764 = 5*t. Is i prime?
False
Suppose 0 = -2*v + 5*r - 1 - 8, 3*r + 21 = -v. Let s be (-2)/(-4) + (-102)/v. Suppose -3911 = -s*x + 29938. Is x composite?
False
Let j(r) = -r**3 - 9*r**2 - 16*r - 4. Let k be j(-5). Let z = k - -32. Suppose -444 + 1972 = z*q. Is q a prime number?
True
Suppose 0 = 208*b - 206*b - 901762. Is b a prime number?
True
Suppose -319*s = -300*s - 62073361. Is s a prime number?
False
Suppose -1362 = -3*k + 2*q + q, 3*k = -q + 1362. Suppose 0 = -3*f + 4*j + k, -j = -f - 2*f + 460. Let r = 365 - f. Is r composite?
False
Let m(d) = 2474*d**2 - 7*d - 9. Suppose -a = 0, -6 = 4*k - 3*a + 2. Is m(k) composite?
False
Let v(h) = 14*h - 192. Let b be v(14). Is ((-446)/b)/((-79)/3634) composite?
True
Let s(p) = p**3 - 41*p**2 - 129*p - 112. Is s(53) prime?
True
Suppose 0 = -109*c + 111*c - 128. Suppose -c = -4*o + 2*w, w = -2*o - 2*w + 32. Suppose o = 4*u, 0 = -4*h - 0*h - 3*u + 1376. Is h prime?
False
Suppose x = -18 - 37. Let m be (-3 - 15)*(-186)/12. Let u = m - x. Is u prime?
False
Let v be (2 - 48/20)/(8/(-54920)). Suppose 4*n + v = 12758. Is n a prime number?
True
Is (-30112006)/(-185) - 3/5 a composite number?
True
Let f = -21 + 27. Suppose -f*p = -30 + 6. Suppose p*y = -3*u + 749, -2*y = u - 206 - 43. Is u a composite number?
False
Let q(w) = 34*w**2 + 12*w - 249. Let r(z) = -17*z**2 - 7*z + 124. Let g(l) = 3*q(l) + 5*r(l). Is g(10) a composite number?
False
Is (-10628862)/94*((1 - 4) + 0 + 2) a prime number?
False
Let m = -539 + 2240. Suppose -5*c - 111 = -m. Suppose 72 = -2*d + c. Is d composite?
True
Let c be 15/6*(-102)/(-85). Suppose -k - 15*z = -13*z - 523, 3*k - c*z = 1560. Is k composite?
False
Let g(f) = 19259*f - 19273*f - 19 + 8*f**2 + 0*f**2. Is g(-10) composite?
True
Suppose t = -2*v - t + 70, 0 = 2*t + 2. Suppose -v*r = -24*r - 510108. Is r a prime number?
True
Let n = 339792 - 172663. Is n a composite number?
True
Suppose -75*p + 752898 = -243777. Is p composite?
True
Suppose -8*y + 234 = 31*y. Is (-213005)/(-87) + 4/y prime?
False
Let f = -1204 + 2974. Let r be (-4)/(-3) - 3/9. Is (r/(-2))/(2 + (-3543)/f) a composite number?
True
Let n(h) = 60*h**3 - 6*h**2 - 33*h + 502. Is n(11) composite?
False
Let l = -45 - -47. Let b = 48 - 46. Suppose -b*s = -472 - l. Is s composite?
True
Let d(q) = -819647*q**3 - 44*q**2 - 48*q - 4. Is d(-1) composite?
False
Suppose i - 4*k - 17935